s of i?
2, 7, 521
Let n(f) = -3*f**2 - 27*f - 21. Let o(i) = -2*i**2 - 13*i - 11. Let k(l) = 6*n(l) - 10*o(l). What are the prime factors of k(19)?
2, 7
Let f = -33 + 90. Let d = 57 - f. Suppose 4*n + 0*n - 144 = d. List the prime factors of n.
2, 3
Let i(g) = -340*g + 6. Let b be i(-1). Let w = b + -82. List the prime factors of w.
2, 3, 11
List the prime factors of -115*24/40*157/(-3).
23, 157
Let j(g) = 342*g**2 + 75*g - 150. What are the prime factors of j(8)?
2, 3, 17, 73
Let y(o) = o**3 + 21*o**2 + 33*o + 11. Suppose 2*d - 4*u + 90 = 0, 2*d + 5*u - 3 = -48. Let m = d + 16. What are the prime factors of y(m)?
2, 53
Suppose s - 4*v = 5, -5*s - v = 2*v - 25. Let g(r) = 26*r + s - 2*r**2 + 17 + r**2 + 3. List the prime factors of g(21).
2, 5, 13
Suppose 7*h = -28*h + 42478 + 420782. List the prime factors of h.
2, 3, 1103
Suppose -16*b + 44*b = 23*b + 90765. What are the prime factors of b?
3, 2017
Let u(k) = -k**3 - 15*k**2 - 11*k + 28. Let v be u(-14). Let r(w) = 2*w + 4. Let q be r(-2). List the prime factors of -1*(q - v)*155/(-10).
7, 31
Let p = -11138 - -19897. What are the prime factors of p?
19, 461
Let t(k) = -3*k**3 - 4*k**2 + 4*k + 10. Suppose 2*n + 6 = 0, i + 2*n = -n - 14. Let w = 2 + i. List the prime factors of t(w).
43
Let b(v) = 19*v**2 + 23 - 1 + 19*v - 20*v**2. Let p be b(20). Suppose 0 = -s + 3*g + 71, 0*g + 4*g - 92 = -p*s. List the prime factors of s.
2, 7
Suppose 227306 = 24*x - 32566. What are the prime factors of x?
2, 2707
Suppose -3*j = 2*w - 3611, 5*w - 2*j - 2245 = 6830. Suppose 0 = -21*l + w + 6335. What are the prime factors of l?
2, 97
Let g(w) = w**3 - 2*w**2 - 2*w + 4. Let f be (1/(-5)*12)/((-4)/10). Let j be g(f). Let a = 307 - j. List the prime factors of a.
3, 19
Suppose 0 = o + w + 2*w - 16, 2*o + 4*w = 40. Let g be 1/(21/6) - (-8840)/o. Suppose g = 7*c - 265. List the prime factors of c.
83
Let v(b) = -24*b**3 + 14*b**2 + 19*b - 65. List the prime factors of v(-10).
5, 47, 107
Suppose -i + 2*h + 9238 = 0, 3*i + 7849 = -4*h + 35553. What are the prime factors of i?
2, 2309
Let l = 148 - 150. Let i(h) = -25*h**3 + 4*h**2 + 8*h + 9. What are the prime factors of i(l)?
11, 19
Suppose -316 - 258 = -14*i. Let g = 72 - i. Suppose g*n - 29*n - 436 = 0. What are the prime factors of n?
2, 109
Let d(h) = h + 1. Let s be d(-7). Let x be (-3 - s)*4/3. Suppose 8*c - x*c = -5*t + 188, c = t + 56. What are the prime factors of c?
2, 13
Let x be ((-582)/(-78) + -7)*13. List the prime factors of 3000*((-11)/2 + x).
2, 3, 5
Let q = -170 + 36. Let g = q + 251. Suppose -g = -h - 37. List the prime factors of h.
2, 5
Let r be 2*(65/10 - -2). Let c(f) = -f**3 + 17*f**2 + 36*f - 42. List the prime factors of c(r).
2, 3, 5, 19
Let q be 81/(-2)*28/(-6). Suppose 2*k - q = 17. What are the prime factors of k?
103
Let u(g) = -289*g - 29. Let q be u(-3). Suppose -q = 9*y - 12511. What are the prime factors of y?
1297
Let f = 299 + 25399. What are the prime factors of f?
2, 3, 4283
Suppose -6*b + 6283 = o - 9*b, 25160 = 4*o + 2*b. List the prime factors of o.
19, 331
Let j = 37 + -18. Let h = j + -5. What are the prime factors of 750/h - 3/(-7)?
2, 3
Let k(p) = p**3 - 101 + 0*p - 3*p + 56 + 53 + 3*p**2. What are the prime factors of k(6)?
2, 157
Let w(g) = 11*g**2 - 3*g**2 - 19*g - 3*g**2 - 4*g**2 + 27. Let i be w(18). Suppose -387 = -i*l + 198. What are the prime factors of l?
5, 13
Let t(j) = -10*j**2 - 3 + 5*j - 5 + j**3 + 1. Suppose 0*b - 3*r = 2*b - 26, 4*r - 18 = -b. What are the prime factors of t(b)?
43
Let b be (-1 + 194/(-8))*-8. Let k = b + -111. Suppose t - 23 = -5*z, 2*t = -0*t - z + k. List the prime factors of t.
2, 3
List the prime factors of 1388*(-4)/((-160)/70).
7, 347
Let c(r) = -36*r**3 + 29*r + 37. List the prime factors of c(-4).
5, 89
Let j = -30899 - -88327. List the prime factors of j.
2, 7, 293
Let s(r) = -5*r**2 + 17*r - 3. Let y(x) = x**2 + x. Let f(l) = -s(l) - 4*y(l). List the prime factors of f(-19).
7, 109
Suppose 1723*d - 1727*d - 12 = 0, 3*p = 4*d + 126906. What are the prime factors of p?
2, 21149
Let r(i) = -i - 6 - 5*i + 5*i. Let o be r(-8). Suppose -2*w = 3*s - 159, -w = -o*s + 35 + 64. What are the prime factors of s?
3, 17
Suppose -2*c - 4326 = -5*q, -q + 3*c = -77 - 783. Suppose -2*f + q - 82 = 0. Suppose 5*y = y + f. List the prime factors of y.
2, 7
Let n be (2 - 14)/((-6)/9). Let o(l) be the first derivative of l**3/3 - 9*l**2/2 + 52*l + 294. What are the prime factors of o(n)?
2, 107
Suppose 0 = 4*k - k - 390. Let s = k - 56. Suppose s = x - 101. List the prime factors of x.
5, 7
Let c be ((-10)/(-10))/((-110)/111 + 1). Let h = -89 + c. What are the prime factors of h?
2, 11
Let b = 92 - 94. List the prime factors of b*1/((-20)/(-35))*-24.
2, 3, 7
Suppose 4*p = 5*p - 4*r + 35, 28 = -p - 3*r. Let n = p + 51. Suppose f - m = -4*f + 310, 0 = -4*m - n. What are the prime factors of f?
61
Let r(t) = -2*t**3 + 4*t - 8. Let k(h) = -13*h. Let u be k(-3). Let p = u + -44. List the prime factors of r(p).
2, 3, 37
Let o(l) = -l**2 - 5*l - 3. Let z be o(6). Let p = z - -46. Let m = 64 - p. List the prime factors of m.
3, 29
Suppose -7*p + 1 = -34. Let n be (p/(60/(-42)))/(1/(-2)). Suppose -n*b = -649 + 75. What are the prime factors of b?
2, 41
Suppose -7*m - 20 = -11*m. Suppose -5*a = m*q - 35, 4*q - a - 2*a = 21. Suppose 892 + 86 = q*h. List the prime factors of h.
163
Suppose -78*a - 854 = -85*a. Suppose o = -114 + a. What are the prime factors of o?
2
Let y(m) be the second derivative of 121*m**3/6 - 17*m**2 - 2*m + 33. List the prime factors of y(4).
2, 3, 5
Suppose -r + 3*f + 22337 = 0, -4 = -3*f + 2*f. What are the prime factors of r?
22349
Suppose -5*a + 65916 = -2*y, 86*y - 89*y - 26351 = -2*a. What are the prime factors of a?
2, 19, 347
Let f = -82 - -169. Let o = 108 + f. What are the prime factors of o?
3, 5, 13
Suppose 0*f + 36 = b + 5*f, -5*b = f - 60. Suppose -b = -y + 5*p - 2*p, 3*y + 3*p = -15. List the prime factors of -199*(-1 + y/3*0).
199
Let n(z) = 2*z**2 - 31*z - 5. Let u be n(10). Let a be 1/(-2)*36/1. Let h = a - u. List the prime factors of h.
97
Suppose 12*g - 41395 - 43565 = 4*g. What are the prime factors of g?
2, 3, 5, 59
What are the prime factors of 869556/33 - (790/110 + -7)?
2, 5, 17, 31
Suppose -4*g + 6962 = -5*a, 3*a + 1329 = g - 415. Let l = -1009 + g. What are the prime factors of l?
3
Suppose 0 = -2*n - t + 4745 + 1808, 3271 = n - 5*t. Suppose 13*v = 7*v + n. What are the prime factors of 8/(-32) - v/(-8)?
2, 17
Let o = 101 - 350. Let l = -265 + 92. Let f = l - o. List the prime factors of f.
2, 19
List the prime factors of (-125)/(-100) + 25146*21/56.
9431
Let r be 16/(-4) + 11 + -3. Let y(x) = -11*x - 10 - r*x + 3*x - 11*x. List the prime factors of y(-3).
59
What are the prime factors of -3122*(92/115 + 4*(-21)/30)?
2, 7, 223
Suppose -k + 5 = 0, 22 - 9 = -v + 3*k. Let n(c) = 10 + 2*c**v + 14 + c**2 - 34 + 3*c. List the prime factors of n(-5).
2, 5
Suppose -5*l + 24 = -q, 3*l + 8 = -0*l - 5*q. List the prime factors of l*469/28*(0 + 3).
3, 67
Suppose -232*a - 8965972 = -636*a. What are the prime factors of a?
22193
Suppose -2*w - 5*j = 0, 4*j - 9*j - 30 = -4*w. Suppose -4 + 5 = a, -m = w*a - 5. What are the prime factors of (-37 + -2)/((-2)/(12 - m))?
2, 3, 13
Let w = -187 + 187. Suppose 2*s - 605 + 101 = w. List the prime factors of s.
2, 3, 7
Let b(c) = 9*c**2 - 4*c - 2*c**2 + 75 + 80 + 76 - 238. Suppose -2*w + 8 = -0*w. What are the prime factors of b(w)?
89
Suppose 98*s - 401587 = 1212179. What are the prime factors of s?
3, 11, 499
Suppose 5*q = w + 45568, -4*q + 9667 = -4*w - 26797. List the prime factors of q.
13, 701
Let t be -1*(-3 + 8)/(-20)*-12. Let m(p) = -2*p**3 - 4*p + 2. What are the prime factors of m(t)?
2, 17
Let g be (-266)/(-12) - ((-44)/(-24))/11. Suppose -g*z = -17*z + 875. Let m = -67 - z. What are the prime factors of m?
2, 3
Let m = -154 + 165. Suppose -7*v = -m*v + 1432. What are the prime factors of v?
2, 179
Suppose 71*a - 75*a = -5*v + 60586, -4*v = 3*a - 48444. List the prime factors of v.
2, 3, 673
Suppose 3*h + 4*t + 8 = 0, -7*h + 3*h + 5*t + 10 = 0. Suppose h = -12*l + 19*l - 2933. List the prime factors of l.
419
Let j(o) = 52*o**3 - 5*o**2 - 19*o + 66. What are the prime factors of j(7)?
2, 13, 337
Let y(b) = -2*b**3 - 